-7)/42*3?
7
Let b = -83 - -86. What is the tens digit of 28*-1*(-10 + b)?
9
Suppose -9*t + 14958 = 3816. What is the tens digit of t?
3
What is the hundreds digit of -4 + 19 + -10 + 577?
5
Suppose 1 + 0 = -k - 5*h, -12 = 4*h. Let t = k + -17. What is the units digit of -2 - t - (-23)/1?
4
Suppose -5*t + 4 = 19. Let o = -17 - -23. What is the units digit of ((-16)/o)/(2/t)?
4
Let r(v) be the third derivative of v**5/15 + 11*v**4/12 + 5*v**3/2 + 48*v**2. What is the tens digit of r(-8)?
9
Let n(b) = -4*b - 15. Let v be n(-10). Let k = 39 - v. Let m = k - 9. What is the units digit of m?
5
Suppose -5*k = -5*x - 2375, -3*x = -5*k - 4*x + 2351. Suppose -b + k = -3*a - 5*b, 5*a + 4*b + 793 = 0. What is the units digit of (a/(-28))/((-1)/(-4))?
3
Let z(w) = w**2 + 2*w + 16 - 1 - w. Let o be z(6). Let u = -27 + o. What is the units digit of u?
0
Let k = 61 + -69. What is the hundreds digit of (-118 + -4)/(3 - (-28)/k)?
2
Let q = 8 + -9. Let g be q/3 + 74/6. Suppose g = -0*s + s. What is the tens digit of s?
1
Let f = -187 - -949. What is the hundreds digit of f?
7
Suppose 56*n - 11345 = 51*n. What is the units digit of n?
9
Suppose 0 = 5*i - 2*i - 4*p - 42, 4*i - 2*p = 56. Suppose -18 = -f - i. What is the units digit of f?
4
Let o = -109 + 221. What is the units digit of o?
2
Let u(y) = y**2 + 6*y - 2. Suppose -11 = 2*r + 2*c + c, 0 = 4*r - 3*c + 49. Let t be u(r). Suppose 0 = 17*f - 18*f + t. What is the tens digit of f?
3
Suppose q = -2*q. Suppose q = -2*m, 3*c + 2*m = -26 + 104. Suppose c + 7 = 3*o. What is the units digit of o?
1
Let w = 23 + -18. Suppose 2*c - 4*g + 3*g + 9 = 0, -4*c + w*g - 33 = 0. What is the tens digit of 4416/88 - c/(-11)?
5
Suppose m = -3*i + 38, 4*m - 3*i = -7*i + 136. What is the units digit of 8/24 - m/(-3)?
1
Let q(b) = b**2 + 2*b. Let p = -15 + 12. Let g be q(p). Suppose -5*z - 5*f = -15, g*f - f + 15 = z. What is the units digit of z?
7
What is the hundreds digit of (401/(-3))/((-4)/24)?
8
Let m(l) = 35*l + 8. Suppose 5*r + 4*j - 8 = 0, 0 = -r + j - 3*j - 2. What is the hundreds digit of m(r)?
1
Let m be 3/(12/8) - -3. Suppose 0*d + m*d = -135. Let l = -15 - d. What is the units digit of l?
2
Suppose -6 - 108 = -6*m. Let w(d) = 11*d + 8. What is the hundreds digit of w(m)?
2
Let b(f) = -2*f**3 - 3*f**2 - 2*f + 12. Let m = 26 + -31. What is the units digit of b(m)?
7
Suppose -3*d = -y - y - 25, 3*d = 4*y + 53. What is the hundreds digit of 285 + 11 + y + (5 - 1)?
2
Let j = 84 + -65. Let u = 66 - j. What is the units digit of u?
7
Let h = 4248 + -928. What is the units digit of h?
0
Let d be 4 + (-2 - -3 - 5). Let c be 1/3*(-4 + 7). What is the tens digit of (1 + d)/(c/25)?
2
Let j(x) = -x**3 - 3*x**2 + 4*x + 6. Let t be j(-4). Suppose -4*v + 24 = -4*g, -5*v = -t*g + 2*g - 31. What is the units digit of v?
7
Let u be 84/105 + (-341)/(-5). Suppose -2*k + u = -5*r, -5*k + 78 = -5*r - 72. What is the units digit of k?
7
Suppose 566*x = 582*x - 25808. What is the tens digit of x?
1
Let s(l) = 1034*l**3 + 2*l**2 - 3*l. What is the tens digit of s(1)?
3
Let i = -12 + 13. Suppose 0 = -q + 5*h + 20, -2*q - h - i - 3 = 0. Suppose 4*x + u + 52 - 235 = q, 0 = -x - u + 42. What is the units digit of x?
7
What is the tens digit of ((-923676)/48)/(-13) + 2/(-8)?
8
Suppose 4*j + 10 = -0*i + 3*i, 0 = -3*j - 4*i - 20. Let b be 66/j - (-3)/(-2). What is the units digit of (27/(-2))/(9/b)?
7
Let u = 194 - -367. What is the hundreds digit of u?
5
Suppose 0 = 11*y + y - 4092. Suppose y = -6*x + 1373. What is the units digit of x?
2
Let n(s) = 3*s**2 - s - 2. Let r be n(-2). Let i be 4 - (r/2)/(-2). Let h(v) = 2*v + 1. What is the tens digit of h(i)?
1
Let j be 0 - ((-4)/(-2) - 3). Let u be 1 - (-1 - 3/j). Suppose s + 13 = 3*k, -u*k - 3*s - 1 + 18 = 0. What is the units digit of k?
4
Suppose i + 98 = 5*g, g - 1 = 3*i + 27. Suppose m - 21 - g = 0. What is the units digit of m?
0
Let b be 96/15 - 8/20. Let u be (-644)/21 + (-2)/b. Let o = 59 + u. What is the tens digit of o?
2
Let u = 0 - -1. Let b = u + -3. Let q(i) = 13*i**2 - 6*i - 7. What is the tens digit of q(b)?
5
Let r(d) = 3*d**2 + 42*d - 39. What is the thousands digit of r(-33)?
1
Suppose -21*l - 15904 = -49*l. What is the tens digit of l?
6
What is the tens digit of ((-1)/3)/((-93)/884430)?
7
Suppose 0 = j + 4*j. Suppose 3*y - 4*x - x = -2, j = 5*y - 5*x. What is the units digit of -3 - 80/(y*-4)?
7
What is the tens digit of ((-386)/3)/(-1 + 112/144)?
7
Suppose 3*q = i - 420, 0 = -2*i - 5*q + 166 + 641. What is the hundreds digit of i?
4
Suppose 0 = -2*f - 438 + 710. What is the tens digit of f?
3
Let z = -24 + 12. Let l = 16 + z. Let p(m) = m - 1. What is the units digit of p(l)?
3
Suppose 5*s - 2*y = 1688 + 27, s - y - 346 = 0. What is the units digit of s?
1
Let t(q) = -q + 1. Let n(f) = 2*f**2 - 4*f + 2. Let h(x) = -n(x) - 3*t(x). Let z be h(2). What is the units digit of (1 + -3)/(z/(-12))?
4
Let d(x) = -x**3 + 6*x**2 + 6*x + 9. Let g be d(7). Suppose 0 = -g*w - 3*w. Suppose 7*m - 5*m - 104 = w. What is the units digit of m?
2
Suppose -1691 = -5*d - 366. What is the units digit of d?
5
Suppose -a - 1074 - 3177 = -u, 0 = 5*u + a - 21261. What is the tens digit of u?
5
Suppose 5*b = 19*b - 7714. What is the hundreds digit of b?
5
Suppose 0 = 2*a + 2*l + 16, 4*a + l + 24 = -a. Let b be 2 + (12/a - 7). What is the tens digit of 4*((-46)/b + 1)?
2
What is the tens digit of -1 - -11 - 325215/(-135)?
1
Let o(h) = -2*h**3 + 17*h**2 - 12*h - 25. Let p be o(11). What is the units digit of p/(-21) + 2*3/(-21)?
6
Let v(g) = 3*g - 11. Let m(f) = 10*f - 32. Let w(j) = -6*m(j) + 21*v(j). What is the units digit of w(16)?
9
Let r be (-9 + -5 + 3)*-2. Let d be (11/r)/(2/4). What is the units digit of (d/2)/(2/92)?
3
Suppose 0 = 6*i - 51 + 33. Suppose 4*f + 450 = i*v + f, -3*v - 4*f = -471. What is the tens digit of v?
5
Let z(j) = -j**2 + j. Let q(n) = -n**3 + 4*n**2 - 4*n - 27. Let f(w) = -q(w) - 4*z(w). Let h be f(0). What is the units digit of 12/(-8) + h/6?
3
Let p(i) = -i**2 - 13*i + 34. Let g be p(-15). Suppose -g*t + 65 = -379. What is the units digit of t?
1
Let v(k) = 6*k**3 + 4*k**2 + 2*k - 1. Let f be v(-2). Let i = 60 + f. What is the units digit of i?
3
Let q(a) = 89*a + 107. What is the tens digit of q(7)?
3
Let c(y) = 9*y**2 + 61*y + 702. What is the thousands digit of c(-20)?
3
What is the hundreds digit of 796*(-9)/(-48)*12?
7
Suppose k = -4, 4*v + k = 7*v + 101. Suppose -3*m - 36 = -0. Let u = m - v. What is the tens digit of u?
2
Suppose -3*z + 7 + 14 = 5*k, 3*k - 13 = -2*z. Let x be (-2)/3 + 16/6. Suppose -z*j - 5*n + 15 = -x, -j + 2 = -4*n. What is the units digit of j?
6
Suppose -4*z - 2*t = -194, 3*z + 248 = 8*z - 3*t. Suppose -5*m = 16 + z. Let r = -1 - m. What is the tens digit of r?
1
Suppose -z = -5*k - 756, z - 4*k - 190 = 563. What is the tens digit of z?
4
Let a be 2/2*(4 - 33/(-3)). Suppose -t - a = -p, 2*p + 0*t = -t + 42. What is the tens digit of p?
1
Suppose -102*q = -105*q + 576. Let b = q - 16. What is the units digit of b?
6
Suppose -u - 4*u + 8910 = 5*a, a + 8886 = 5*u. What is the thousands digit of u?
1
Let i = 49 - 48. What is the hundreds digit of 59314/423 + i/(18/(-4))?
1
Let q(w) = -w**3 - 17*w**2 - 15*w - 23. Let l be q(-16). Let f = l + 139. Suppose 2*p = 7*p - f. What is the tens digit of p?
2
Suppose -7*i + f + 827 = -6*i, 0 = -5*f + 25. What is the tens digit of i?
3
Suppose 5*x - 15 = 5*y, -12 - 12 = -2*y - 4*x. Let b be (-33)/y*(-6)/9. What is the tens digit of (b + (-1 - -1))/1?
1
Let w be (2*(-1)/2 - -1)/(-3). Suppose w = 8*l - 7*l - 180. What is the tens digit of l?
8
Suppose 42*l = 99926 + 27124. What is the tens digit of l?
2
Let c(v) = -v**3 - v + 10. Let n be c(0). Suppose 0 = -6*o + n*o + 12. What is the tens digit of (3 - (2 - 26)) + o?
2
Suppose 1945 = 8*r - 5*r - 4*m, -2*m + 3207 = 5*r. What is the tens digit of r?
4
What is the tens digit of -3 + 7 + (-17 - -1528)?
1
Let o(n) = n**2 + 4*n - 9. Let x be o(-6). Suppose 2*k = c + c + 218, -4*k - x*c + 422 = 0. Let z = k + -51. What is the tens digit of z?
5
Suppose -10*m = -11*m + 4. Suppose 288 = m*h - 136. What is the units digit of h?
6
Let j be (-228)/(-54) - 4/18. Suppose -534 = -j*v - 66. What is the tens digit of v?
1
Suppose -9*l + 3 = -8*l. Suppose a - l*a = -4*v + 98,